88 = 0. Let v = k + 2014. Suppose -6*g = 134 - v. What is the hundreds digit of g?
1
Let v = -132767 - -198298. What is the thousands digit of v?
5
Suppose 0 = -z - 5*g + 162, 15*g = 18*g + 9. Suppose -1236 = 173*k - z*k. What is the tens digit of k?
0
Let w(a) = a**3 - 27*a**2 - 27*a - 25. Let p be w(28). Suppose 0 = -8*k + p*k - d + 1569, 947 = 3*k - 5*d. What is the tens digit of k?
1
Let x(d) = 20*d**2 + 2 - 6 + 3*d**2 - 9. What is the hundreds digit of x(-3)?
1
Suppose -1748*r = -1825*r + 528682. What is the units digit of r?
6
Let m(l) = 97*l - 207. Let z be m(11). Suppose -2*a + z = -856. What is the hundreds digit of a?
8
Let x be ((-7)/4)/(-7) - (-1401)/12. Suppose 0 = 3*s - 306 + x. What is the units digit of s?
3
Let r(y) = -929*y + 1081. What is the hundreds digit of r(-18)?
8
Let t(o) = 7127*o + 24. Let x be t(2). Suppose -14*r + x = -3*r. What is the hundreds digit of r?
2
Let o(j) = 150*j**2 - 277*j - 82. What is the units digit of o(19)?
5
Let v = -18797 - -21062. What is the units digit of v?
5
Suppose 3*x + 220172 = 41*x. Suppose x = -26*s + 43416. What is the units digit of s?
7
Let n be (-2 - 5/(-2))*16. Suppose 4*u - n = 0, -u = -3*f - 2*f + 198. Suppose -2*h + 0 = -f. What is the units digit of h?
0
Suppose 5*g + t = -49, -2*t + 7*t - 16 = 4*g. Let v be (-6)/g*(430 - 1). Let u = 485 - v. What is the tens digit of u?
9
Suppose 2*h - g + 14 = 5*h, 2*g = -5*h + 24. Suppose -1376 = -h*f + r, -5*r = 2*f - 304 - 406. What is the hundreds digit of f?
3
Let o = 48 - 46. What is the units digit of (-1922)/(-6) - (2/3)/o?
0
Suppose -3*i - 3*y + 21549 = 0, -3*i = -21*y + 16*y - 21541. What is the thousands digit of i?
7
Suppose 4087751 - 1267241 = 126*a. What is the hundreds digit of a?
3
Let y(k) = -12 + k**3 + 0 - 31 + 0*k**3 - k. Let w be y(0). What is the tens digit of 3/(169/w - -4)?
4
Let v = -321 - -2354. What is the hundreds digit of v?
0
Suppose -a + g = 5*g - 45, 2*g = 4*a - 90. Let f be (-8 + 4)*1/(-4)*a. Let s(p) = p**2 - 24*p - 7. What is the units digit of s(f)?
8
Suppose 26*p - 5097 - 7123 = 0. Suppose i - 4*b - 470 = 0, b + p = 16*i - 15*i. What is the hundreds digit of i?
4
Let j be (-4)/(-6) - (-10140)/(-117). What is the tens digit of -34*j/4 + 8?
3
Suppose 5*w = 3*j + 386, 2*w + 3*j = 3*w - 82. Suppose -w*d = -106*d + 840. What is the units digit of d?
8
Let f = 4562 - -3758. What is the thousands digit of f?
8
Suppose 389*x - 413*x = -753576. What is the tens digit of x?
9
Let x = 376 + -63. Let h = x + -225. What is the tens digit of h?
8
Let b(d) = 16*d**3 + 52*d - 203. What is the tens digit of b(4)?
2
Let d(b) = 8*b**3 - 19*b**2 + 62*b + 182. What is the tens digit of d(14)?
7
Let x(f) = 9*f**2 - 4*f + 33. Let p be 3 - (6/(-39) - (-792)/78). What is the units digit of x(p)?
2
Let d(n) = 21*n**2 + 61*n. What is the thousands digit of d(13)?
4
What is the units digit of (3 - 124278/(-15)) + (-21)/105?
8
Let c = 7460 + -2360. What is the tens digit of c?
0
Suppose 203*l + 1030 = 166*l + 44357. What is the hundreds digit of l?
1
Suppose i = 3*l - 1, -2*i + 2 = -13*l + 9*l. Suppose t = -2*b + 579, 4*t - l*b = -b + 2280. What is the tens digit of t?
7
Suppose 0 = 2*t - 3*z - 33720, -2*z + 35557 = 4*t - 31835. What is the thousands digit of t?
6
Let c(s) = 414*s**2 - 8*s + 43. Let a be c(4). Suppose -5*i = -5*l - a, 0 = i - 0*i - 4*l - 1333. What is the units digit of i?
5
Suppose -72*l + 54665 + 89119 = 0. What is the hundreds digit of l?
9
What is the units digit of (-886420)/(-47) + (5 - 17) + 2?
0
Let r(x) be the first derivative of 5*x**2/2 + 71*x - 100. What is the units digit of r(-13)?
6
Let w = 27679 + 45609. What is the units digit of w?
8
Let p(t) = -2*t**2 - 40*t - 41. Let j be p(-19). Let s be j/((-45)/(-10))*(0 + -3). Suppose s*n = 189 + 105. What is the tens digit of n?
4
Let m = 759 + -444. Suppose -2*j - 4*y = -306, -2*j + m = 5*y - 4*y. What is the tens digit of j?
5
Suppose j = -3*u + 75829, 75808 = -59*u + 62*u - 2*j. What is the thousands digit of u?
5
Let n = -174 - -294. Let h(i) = 4*i**2 + 36*i - 161. Let o be h(5). Suppose n*l - o*l - 214 = 0. What is the units digit of l?
4
Suppose 5*u + 20 = 0, 7*o - u = 2*o + 434. Let h = o + -85. Let m(z) = 101*z - 5. What is the tens digit of m(h)?
9
What is the tens digit of 0 - -830 - (23 - 20)?
2
Suppose -2*x + 3059 = -b, -204*x + 3049 = -202*x + b. What is the hundreds digit of x?
5
Suppose 10*y = 51 - 11. Suppose 2*d + 0*s - 68 = s, y*d + 4*s = 148. What is the units digit of d?
5
Let y(f) be the first derivative of -2*f**3/3 + 9*f**2/2 - 5*f - 4. Let a be y(3). Suppose -3*v = 12, 3*o - a*v - 108 = 187. What is the units digit of o?
3
Let x(j) = 27*j**3 - 26*j**3 + 30*j - 154*j**2 + 129*j**2 - 12. Suppose 4*g - 3*o = -0 + 96, -5*g + 4*o = -120. What is the hundreds digit of x(g)?
1
What is the tens digit of (0 - -2)/(((-10)/(-6))/((-444790)/(-76)))?
2
Let j(g) = -9*g**3 - 4*g**2 + 6*g - 6. Let d be j(2). Let l = -78 - d. Suppose -l*y = -373 - 343. What is the tens digit of y?
7
Let a(n) = 489*n - 698. What is the hundreds digit of a(15)?
6
Let a = 1610 - 881. Suppose 0 = v + 5*w - a, -4*v - 5*w + 3*w + 2844 = 0. What is the units digit of v?
9
Suppose -91*r = -96*r - 3*w + 10398, 3 = 3*w. What is the hundreds digit of r?
0
Suppose -2*t - 1 = 3*r, -4*t + 0 = 3*r + 5. Suppose 4*p + r = 3*p + 3*q, 5*q - 3 = p. What is the tens digit of p*(-4)/8*-244*1?
4
Let i(a) = 22*a**2 + 10*a - 1031. What is the hundreds digit of i(-33)?
5
Let k(y) = 19*y + 376. Let b be k(46). Suppose -12 = 3*v, b = 4*g - 5*v - 6946. What is the units digit of g?
4
Suppose 0 = 2*h - 106 - 14. Let p be 6/(h/22) - 4/(-5). What is the tens digit of ((-1)/2)/(p/(-474))?
7
Let v(d) = 5316*d - 3171. What is the hundreds digit of v(15)?
5
Suppose 4*v - 5 = -v. Suppose -12*g - 60 - 984 = 0. What is the units digit of ((-2)/3)/(v/g)?
8
Let s(m) = -m**2 - 3*m + 9. Let j be s(-4). Suppose j*k - 2*a - 530 = 0, 2*k - 212 = -4*a + 5*a. Suppose 6*z + k = 8*z. What is the tens digit of z?
5
Suppose 30258 = 177*f - 95*f. Let d be 1/3 + 431/3. Let y = f - d. What is the hundreds digit of y?
2
Suppose 3*c + 809 - 3905 = 0. Suppose -25*z - c = -29*z. What is the hundreds digit of z?
2
Suppose -2377*m + 5*k = -2372*m - 30860, 0 = -2*m + k + 12346. What is the hundreds digit of m?
1
Let h = -45911 - -66935. What is the tens digit of h?
2
Let k = 51626 + -36675. What is the units digit of k?
1
What is the hundreds digit of (20852*3/(-45) - (-32)/240)*-16?
2
Suppose 4*a - 4655 = -15*a. Suppose 0 = -2*i + 55 + a. What is the tens digit of i?
5
Suppose -12181*h = -12161*h - 1210080. What is the ten thousands digit of h?
6
Let p(i) = 293*i**2 - 524*i + 3723. What is the units digit of p(7)?
2
Let m = -9 - -16. Let v(z) = 3*z**2 - 18*z + 87. What is the hundreds digit of v(m)?
1
Let q = -6 + 8. Suppose 0 = q*r - 4 - 0. Suppose 0 = r*a - 10*a + 608. What is the units digit of a?
6
Let z = -587 - -592. Suppose -1419 = -z*q + 2736. What is the units digit of q?
1
Suppose -s - 3 = 123. What is the tens digit of (-5)/2*(s/2 + -5)?
7
Let q = 97 + -92. What is the tens digit of q/((-5)/54)*(-1)/2?
2
Let k be (2/3)/(12/4878). Suppose -b + 2*o + k = 0, -6*o + 1316 = 5*b - 3*o. What is the hundreds digit of b?
2
Suppose -10*l = -4*l + 24. Let a be (8/(-3) + -6)*390/l. Suppose 5*f = -5*h + a, -h + 2*f + 358 = h. What is the units digit of h?
4
Let l = 1047 - -308. What is the tens digit of l?
5
Suppose -19*h + 14480 + 1613 = 0. Suppose 9*r + h = 5*m + 8*r, -r = 2. What is the tens digit of m?
6
Let z(d) = -22*d**3 + 3*d**2 - 8*d + 7. Let s be z(-3). Suppose -r + 2057 = s. What is the tens digit of r?
0
Suppose -2 = 4*p + 10. Let q be 7 + p/(-1)*-1. Suppose -4 = -x + q. What is the units digit of x?
8
Let s = 378 + -540. Let t = 221 + s. What is the units digit of t?
9
Let c(v) = -v**2 - 16*v - 32. Let t be c(-13). Suppose -t*z + 15*z = 2776. What is the hundreds digit of z?
3
Suppose 5*z - 106 + 6 = 0. Suppose -2*a - 4*f + 16 = 2*a, -3*f = -a + z. Suppose -10 = -2*x - a. What is the units digit of x?
1
Let n(w) = -w**3 + 17*w**2 + 4. Let v be n(17). What is the units digit of -4 + -3 + v - 98/(-2)?
6
Let o(t) = 2*t**2 + 3*t - 27. Let k(b) = 3*b**2 + 5*b - 41. Let x(z) = 5*k(z) - 7*o(z). What is the tens digit of